8*o + 38631. Give j(13).
-5
Let i(y) = -42*y**3 - 4116*y**2 - 60. What is i(-98)?
-60
Let w(m) = -m**2 + 871*m + 319414. Determine w(-278).
-8
Let o(y) = 34027*y**2 - 2109675*y + 61. Determine o(62).
-1
Let f(w) = 2*w**3 + 45*w**2 - 104*w - 779. Give f(-24).
-11
Let r(k) = k**3 + 36*k**2 + 806*k + 18804. Calculate r(-30).
24
Let r(g) = 519*g**3 + 20*g**2 + 16*g - 2. Determine r(-1).
-517
Let i(b) = -3*b**3 + 11*b**2 - 157*b + 855. Determine i(5).
-30
Let i(v) = 184*v**3 + 940*v**2 + 62*v - 220. Determine i(-5).
-30
Let j(i) = 2*i**3 - 111*i**2 + 256*i - 4898. Determine j(54).
178
Let x(s) = -s**2 - 2477*s - 9888. Give x(-4).
4
Let p(t) = t**3 - 333*t**2 + 392*t - 19909. What is p(332)?
11
Let q(c) = -35*c + 296. Calculate q(33).
-859
Let d(f) = -6330*f - 177239. What is d(-28)?
1
Let q(c) = -1254*c - 106615. What is q(-85)?
-25
Let n(f) = -13*f**3 - 217*f**2 + 1180*f - 7435. What is n(-22)?
1
Let f(t) = 19*t**3 + 37*t**2 + 49*t + 47. Calculate f(-1).
16
Let w(p) = p**2 - 5975*p + 1015004. Calculate w(175).
4
Let f(x) = -365*x - 27771. Calculate f(-76).
-31
Let c(r) = -r**3 + 8*r**2 + 196*r - 1424. Calculate c(7).
-3
Let v(s) = 356*s - 390. What is v(5)?
1390
Let o(c) = -303*c + 108201. Determine o(356).
333
Let o(d) = 63834*d + 1404352. Give o(-22).
4
Let w(a) = -10*a**3 + 10*a**2 + 26*a - 80. Give w(-6).
2284
Let g(f) = 10829*f - 1646031. Determine g(152).
-23
Let q(g) = 2*g**3 + 57*g**2 - 244*g - 4767. What is q(-30)?
-147
Let w(b) = 11*b**3 - 58*b**2 - 390*b + 13. Determine w(-7).
-3872
Let q(a) = 2*a**3 - 15*a**2 - 20*a + 179. Calculate q(8).
83
Let h(v) = 1315*v + 9164. Give h(-7).
-41
Let p(w) = -13974*w - 55911. Calculate p(-4).
-15
Let l(p) = p**2 + 108*p - 1354. What is l(12)?
86
Let c(i) = -i**3 + 34*i**2 + 16*i + 804. Determine c(35).
139
Let u(x) = -125*x - 22243. What is u(-178)?
7
Let w(x) = -8*x**3 - 1688*x**2 + 59*x + 12451. Calculate w(-211).
2
Let i(n) = -93*n**2 - 20797*n + 7833. Give i(-224).
-7
Let d(h) = h**3 + 10*h**2 + 8*h + 569. Calculate d(-14).
-327
Let z(w) = -169887*w + 3567760. What is z(21)?
133
Let o(t) = -16*t**2 - 4633*t - 25175. What is o(-284)?
101
Let x(a) = -a**3 + 40*a**2 - 115*a - 1107. Give x(36).
-63
Let h(d) = 45255*d - 45197. Give h(1).
58
Let a(f) = f**3 - 14*f**2 - 228*f + 1124. What is a(22)?
-20
Let n(s) = s**2 - 11613*s - 104540. Calculate n(-9).
58
Let x(v) = v**2 + 7*v - 637. What is x(-30)?
53
Let v(n) = n**3 - 4*n**2 - 636*n + 5300. What is v(9)?
-19
Let k(m) = -325*m + 31624. What is k(97)?
99
Let r(n) = n**3 + 60*n**2 + 75*n - 234. What is r(-59)?
-1178
Let r(w) = -455*w - 10129. Give r(-22).
-119
Let x(n) = -n**3 + 12*n**2 - 77*n + 276. Determine x(14).
-1194
Let h(y) = 294*y + 25510. Determine h(-87).
-68
Let p(q) = -8*q**2 + 177*q + 1886. Give p(30).
-4
Let o(g) = 400*g + 44712. What is o(-119)?
-2888
Let w(n) = 3*n**2 - 10613*n + 95325. Calculate w(9).
51
Let j(v) = -109*v + 14021. Calculate j(129).
-40
Let c(y) = -y**2 + 728*y - 34338. Determine c(51).
189
Let f(o) = 8*o**3 - 5*o**2 - 25*o + 49. Calculate f(3).
145
Let d(k) = k**2 + 20608*k + 267740. Calculate d(-13).
5
Let n(u) = -36*u + 3487. What is n(77)?
715
Let b(h) = -4824*h + 28945. What is b(6)?
1
Let q(u) = 803*u - 35337. Give q(44).
-5
Let p(d) = 7130*d + 905508. Determine p(-127).
-2
Let z(p) = -37*p**3 + 2334*p**2 - 148*p - 2592. Determine z(63).
-9
Let v(j) = -93*j - 11352. What is v(-122)?
-6
Let m(k) = 1530*k**2 - 21425*k - 34. What is m(14)?
-104
Let q(y) = -42*y**2 - 17705*y + 25802. Calculate q(-423).
-1
Let d(b) = 4*b**3 + 5072*b**2 + 20215*b - 11371. Give d(-1264).
5
Let x(u) = -14054*u + 42953. What is x(3)?
791
Let x(c) = -27807*c + 222549. Give x(8).
93
Let w(u) = -u**3 + 20*u**2 - 106*u - 763. Give w(-4).
45
Let u(c) = -121655*c - 2433269. Determine u(-20).
-169
Let w(t) = -909*t - 78153. What is w(-86)?
21
Let p(w) = 28187*w - 197296. What is p(7)?
13
Let q(l) = 96*l + 10709. What is q(-111)?
53
Let u(n) = 47*n + 1850. Calculate u(-31).
393
Let l(i) = 36*i**2 + 698*i + 79. Calculate l(-20).
519
Let c(u) = -16*u**2 - 198*u + 130. What is c(-12)?
202
Let m(l) = -21464*l + 171696. What is m(8)?
-16
Let f(r) = -407328*r + 407328. Give f(1).
0
Let b(w) = -34*w**2 + 2331*w - 699. Determine b(68).
593
Let s(z) = 335*z**2 + 88104*z - 246. Determine s(-263).
17
Let m(z) = -8*z**3 - 16*z**2 + 32*z + 8. Give m(2).
-56
Let l(r) = -2*r**3 - 3*r**2 - 669*r - 3573. What is l(-5)?
-53
Let f(p) = -p**2 - 5015*p - 213791. Give f(-43).
5
Let d(v) = v**3 + 46*v**2 + 71*v - 857. Give d(-44).
-109
Let v(y) = -6*y**3 + 809*y**2 + 132*y + 296. What is v(135)?
-109
Let x(j) = 63*j**2 - 1111*j + 2216. Calculate x(2).
246
Let j(p) = -956*p - 10405. Determine j(-10).
-845
Let k(c) = -1676*c - 23332. Give k(-14).
132
Let k(t) = t**3 + 15*t**2 - 100*t + 146. What is k(3)?
8
Let u(c) = -c**3 - 110*c**2 + 1034*c - 715. What is u(8)?
5
Let t(u) = -2086*u + 2469810. Give t(1184).
-14
Let n(q) = 77*q + 8569. What is n(-114)?
-209
Let y(s) = -s**3 - 85*s**2 + 2388*s + 3621. Determine y(-107).
-17
Let k(v) = -368*v**2 + 39008*v - 8. Give k(106).
-8
Let o(s) = 444*s + 285499. Calculate o(-643).
7
Let a(b) = 6630*b + 258570. What is a(-39)?
0
Let a(l) = -18*l**2 - 544*l - 2906. Calculate a(-25).
-556
Let f(i) = -19*i**2 - 35118*i + 246731. Give f(7).
-26
Let v(p) = 2013*p + 36242. Calculate v(-18).
8
Let b(h) = h**3 + 96*h**2 + 1244*h + 130071. Calculate b(-97).
-6
Let j(q) = 4*q**2 - 280*q - 900. What is j(0)?
-900
Let k(d) = 3*d**2 + 503*d - 8417. Give k(-183).
1
Let w(c) = 17961*c - 89416. Give w(5).
389
Let j(y) = 7*y**2 + 2768*y - 13806. Determine j(5).
209
Let r(d) = -d**3 - 3*d**2 + 47*d - 97. Determine r(3).
-10
Let o(j) = -9*j**3 - 3076*j**2 + 3716*j - 19551. What is o(-343)?
0
Let w(f) = -10*f - 1146. Determine w(-34).
-806
Let w(n) = 2*n**3 - 37*n**2 - 2*n + 556. What is w(0)?
556
Let r(m) = m**3 + 9208*m**2 - 55269*m - 99. Determine r(6).
-9
Let b(a) = -a**3 - 7*a**2 - 4486*a - 17902. Calculate b(-4).
-6
Let q(o) = o**2 - 440*o + 24098. Give q(64).
34
Let b(z) = 331*z**2 - 3111*z - 1. Determine b(9).
-1189
Let l(g) = 9114*g + 555954. Calculate l(-61).
0
Let g(z) = 3*z**3 - 12*z**2 - 1866*z - 9. Determine g(-23).
60
Let q(z) = 3*z**3 + 68*z**2 - 37*z - 38. What is q(-24)?
-1454
Let h(u) = u**3 + 6404*u**2 - 57713*u - 22. Give h(9).
14
Let t(a) = 142*a**2 + 23999*a + 202. What is t(-169)?
33
Let z(n) = -n**2 + 402*n - 38530. Calculate z(160).
190
Let w(p) = 85*p + 60. What is w(2)?
230
Let m(c) = 104*c**2 - 2829*c - 5651. Give m(-2).
423
Let i(n) = -8500*n - 59622. Give i(-7).
-122
Let q(m) = -7*m**2 - 417*m + 1592. Calculate q(4).
-188
Let h(u) = -51*u**2 - 297*u + 251. Determine h(-14).
-5587
Let u(l) = -52*l**3 + 7*l**2 + 3*l + 28. What is u(0)?
28
Let o(j) = -612*j**2 - 1397*j + 1396. Calculate o(1).
-613
Let s(v) = 11*v**2 - 239*v + 114. Give s(16).
-894
Let b(p) = 74*p + 5264. Determine b(-73).
-138
Let l(j) = -j**3 - 16*j**2 + 216*j - 15. Give l(7).
370
Let z(j) = -7883*j + 2238775. Calculate z(284).
3
Let w(f) = 521*f - 90106. What is w(173)?
27
Let c(r) = -2*r**2 - 1925*r + 15438. Give c(8).
-90
Let y(q) = -3*q**2 - 29*q + 31629. Give y(98).
-25
Let u(c) = 30*c**2 + 3340*c - 27386. Determine u(-119).
-16
Let r(u) = -3106*u + 7040. Calculate r(2).
828
Let n(y) = -y**2 + 120*y - 1933. What is n(21)?
146
Let a(w) = 12*w**2 + 2245*w + 15853. Calculate a(-7).
726
Let s(i) = -14*i**2 - 4353*i + 13479. Give s(-314).
-23
Let t(m) = 8*m**2 - 727*m - 1617. Determine t(93).
-36
Let h(a) = -4*a**2 - 1533*a + 266888. Determine h(130).
-2
Let m(h) = h**3 - 10*h**2 + 31*h + 42. What is m(8)?
162
Let n(a) = 144906*a - 27821953. What is n(192)?
-1
Let u(i) = 2705*i - 154140. What is u(57)?
45
Let g(m) = -21455*m + 14031577. Calculate g(654).
7
Let z(i) = -i**3 - 7*i**2 + 1111*i - 166. Give z(30).
-136
Let h(a) = -a**3 - 91*a**2 + 13198*a - 1216. Calculate h(78).
32
Let z(v) = 3*v**3 + 33*v**2 - 87*v - 720. Calculate z(-16).
-3168
Let d(q) = 11*q**3 + 14*q**2 - 204*q + 537. Determine d(3).
348
Let v(o) = o**3 + 178*o**2 - 742*o - 2668. Give v(-182).
-120
Let s(y) = 19587*y - 3506038. Give s(179).
35
Let o(b) = 66*b + 8859. Calculate o(-128).
411
Let g(f) = 377*f**2 + 9786*f - 411. What is g(-26)?
5
Let d(h) = 187*h + 6678. Calculate d(-36).
